igit of 1965087113?
7
What is the hundred millions digit of 3661431079?
6
What is the hundreds digit of 1749435470?
4
What is the tens digit of 87810738?
3
What is the ten thousands digit of 194862724?
6
What is the hundreds digit of 7188259?
2
What is the hundreds digit of 160716926?
9
What is the ten millions digit of 626566972?
2
What is the hundreds digit of 165527652?
6
What is the millions digit of 1464727517?
4
What is the units digit of 97348795?
5
What is the units digit of 46805343?
3
What is the thousands digit of 23431083?
1
What is the units digit of 62841787?
7
What is the tens digit of 2318808354?
5
What is the hundreds digit of 339443600?
6
What is the millions digit of 1071451247?
1
What is the millions digit of 2305461849?
5
What is the ten thousands digit of 198837064?
3
What is the hundreds digit of 474197060?
0
What is the millions digit of 73114363?
3
What is the hundreds digit of 117689874?
8
What is the units digit of 79195716?
6
What is the ten millions digit of 92412487?
9
What is the millions digit of 117605791?
7
What is the tens digit of 2225161911?
1
What is the ten thousands digit of 369544648?
4
What is the hundred millions digit of 2264052652?
2
What is the units digit of 963669805?
5
What is the hundred thousands digit of 78505739?
5
What is the hundreds digit of 42956665?
6
What is the tens digit of 1030279755?
5
What is the units digit of 21519630?
0
What is the hundreds digit of 454391264?
2
What is the ten millions digit of 113515578?
1
What is the hundred thousands digit of 265711315?
7
What is the tens digit of 466915773?
7
What is the millions digit of 513001195?
3
What is the hundreds digit of 281097292?
2
What is the thousands digit of 571525242?
5
What is the hundred thousands digit of 345394301?
3
What is the tens digit of 6194998963?
6
What is the thousands digit of 18170558?
0
What is the hundreds digit of 260607253?
2
What is the millions digit of 543522006?
3
What is the hundred thousands digit of 41261385?
2
What is the hundred millions digit of 2511339727?
5
What is the thousands digit of 1866278722?
8
What is the hundred thousands digit of 762170425?
1
What is the thousands digit of 61146148?
6
What is the units digit of 2255759934?
4
What is the units digit of 226421727?
7
What is the tens digit of 4841882113?
1
What is the hundreds digit of 77965802?
8
What is the thousands digit of 3079469237?
9
What is the units digit of 37911080?
0
What is the tens digit of 267338166?
6
What is the hundred millions digit of 181931791?
1
What is the units digit of 477153841?
1
What is the hundred thousands digit of 854640402?
6
What is the units digit of 14469288?
8
What is the millions digit of 2327955540?
7
What is the hundreds digit of 127024751?
7
What is the hundred thousands digit of 3352369554?
3
What is the units digit of 7783008?
8
What is the hundred thousands digit of 201113985?
1
What is the hundred millions digit of 3515189807?
5
What is the thousands digit of 206312538?
2
What is the thousands digit of 87785705?
5
What is the hundred millions digit of 858925204?
8
What is the ten thousands digit of 34376681?
7
What is the billions digit of 2155485172?
2
What is the thousands digit of 63754305?
4
What is the units digit of 111637715?
5
What is the units digit of 18806635?
5
What is the billions digit of 1471742071?
1
What is the units digit of 25771535?
5
What is the millions digit of 310558270?
0
What is the ten millions digit of 282857942?
8
What is the ten thousands digit of 78487556?
8
What is the ten millions digit of 482576531?
8
What is the ten thousands digit of 38760945?
6
What is the ten millions digit of 237036346?
3
What is the hundred thousands digit of 265522575?
5
What is the ten thousands digit of 414801329?
0
What is the thousands digit of 65373513?
3
What is the ten thousands digit of 43338237?
3
What is the hundreds digit of 2710610025?
0
What is the hundred thousands digit of 355708382?
7
What is the tens digit of 82945270?
7
What is the hundreds digit of 25935834?
8
What is the hundred thousands digit of 870435333?
4
What is the thousands digit of 1542414920?
4
What is the ten thousands digit of 5966844739?
4
What is the thousands digit of 1666159644?
9
What is the hundreds digit of 53168756?
7
What is the ten thousands digit of 2750647110?
4
What is the ten thousands digit of 1066501343?
0
What is the thousands digit of 406175862?
5
What is the ten millions digit of 1034109479?
3
What is the hundreds digit of 6082945495?
4
What is the ten thousands digit of 2546192122?
9
What is the hundreds digit of 127877948?
9
What is the thousands digit of 102376787?
6
What is the hundred thousands digit of 59872271?
8
What is the hundred millions digit of 118338502?
1
What is the hundred thousands digit of 731180505?
1
What is the thousands digit of 9295295?
5
What is the units digit of 469733241?
1
What is the ten millions digit of 86369976?
8
What is the tens digit of 706991070?
7
What is the hundreds digit of 114889166?
1
What is the ten millions digit of 2894927707?
9
What is the hundred thousands digit of 205052866?
0
What is the hundred thousands digit of 165019732?
0
What is the millions digit of 116603170?
6
What is the tens digit of 234925610?
1
What is the hundreds digit of 1115182131?
1
What is the units digit of 88137044?
4
What is the hundred thousands digit of 5103591262?
5
What is the millions digit of 43016134?
3
What is the units digit of 242988341?
1
What is the hundred millions digit of 975930004?
9
What is the hundreds digit of 1214237477?
4
What is the tens digit of 38668784?
8
What is the ten thousands digit of 3655226363?
2
What is the hundred millions digit of 3258391581?
2
What is the units digit of 2869797062?
2
What is the hundred thousands digit of 5620016422?
0
What is the ten thousands digit of 24507733?
0
What is the ten thousands digit of 237319095?
1
What is the hundreds digit of 216992684?
6
What is the ten millions digit of 759522327?
5
What is the tens digit of 1543627118?
1
What is the thousands digit of 2408081746?
1
What is the ten thousands digit of 26493730?
9
What is the units digit of 43374635?
5
What is the ten millions digit of 140009456?
4
What is the thousands digit of 3123679711?
9
What is the ten millions digit of 56989879?
5
What is the ten thousands digit of 1864976111?
7
What is the units digit of 57632242?
2
What is the thousands digit of 29121322?
1
What is the ten millions digit of 1228900462?
2
What is the hundreds digit of 843000430?
4
What is the units digit of 46346893?
3
What is the hundred millions digit of 1302644877?
3
What is the millions digit of 12944664?
2
What is the hundreds digit of 1216377232?
2
What is the tens digit of 330858567?
6
What is the hundreds digit of 6726889115?
1
What is the thousands digit of 2907227418?
7
What is the units digit of 24220405?
5
What is the hundred millions digit of 3362709059?
3
What is the hundred thousands digit of 40466228?
4
What is the ten thousands digit of 8358564667?
6
What is the hundred millions digit of 2956983370?
9
What is the hundred thousands digit of 236170451?
1
What is the ten thousands digit of 2965094163?
9
What is the ten thousands digit of 50148661?
4
What is the hundreds digit of 34057782?
7
What is the units digit of 533187018?
8
What is the tens digit of 2827275630?
3
What is the hundred thousands digit of 32054050?
0
What is the hundreds digit of 221222400?
4
What is the hundreds digit of 5344297592?
5
What is the tens digit of 23466456?
5
What is the units digit of 107832170?
0
What is the ten thousands digit of 1994264096?
6
What is the hundreds digit of 191904714?
7
What is the tens digit of 145284949?
4
What is the thousands digit of 2249379161?
9
What is the hundred thousands digit of 124994958?
9
What is the hundred thousands digit of 352782019?
7
What is the hundred millions digit of 3123075032?
1
What is the hundreds digit of 57873050?
0
What is the hundred millions digit of 171724016?
1
What is the thousands digit of 444593390?
3
What is the hundred thousands digit of 683246271?
2
What is the hundreds digit of 2349928911?
9
What is the millions digit of 5003258448?
3
What is the millions digit of 1291308930?
1
What is the hundred millions dig